32562 and 63036.
1854
Calculate the greatest common divisor of 451815 and 43953.
273
What is the greatest common divisor of 17 and 553258285?
17
Calculate the highest common divisor of 2800922 and 122699.
4231
What is the greatest common divisor of 2088936 and 16416?
4104
What is the greatest common divisor of 2836415 and 95?
95
What is the greatest common factor of 18065874 and 12?
6
What is the highest common divisor of 11690604 and 288?
36
Calculate the highest common factor of 5126 and 52910106.
466
What is the greatest common divisor of 186 and 31454615?
31
What is the greatest common divisor of 7370656 and 1734?
578
Calculate the greatest common factor of 2670 and 6236586.
534
Calculate the greatest common divisor of 141 and 468081507.
141
What is the highest common factor of 60 and 25270220?
20
What is the highest common factor of 75 and 3475785?
15
Calculate the highest common factor of 360 and 148789540.
20
Calculate the highest common factor of 32 and 93253568.
32
Calculate the highest common divisor of 1004 and 120131612.
1004
Calculate the highest common divisor of 2926 and 12506522.
266
What is the highest common factor of 65289688 and 40?
8
Calculate the highest common factor of 11264 and 97472.
64
Calculate the highest common divisor of 754914 and 35814.
282
What is the highest common factor of 273 and 108587843?
91
What is the greatest common factor of 7 and 70906353?
7
What is the greatest common factor of 131397 and 63?
21
What is the highest common factor of 626929077 and 51?
51
What is the greatest common divisor of 1345861 and 38863?
11
Calculate the highest common factor of 365868333 and 4401.
4401
Calculate the highest common factor of 234160596 and 18.
18
What is the highest common factor of 184 and 114179038?
46
Calculate the highest common factor of 484647 and 112566.
219
Calculate the highest common factor of 48300 and 82100.
100
Calculate the highest common divisor of 57 and 7118141.
19
What is the greatest common factor of 11868 and 2938020?
276
Calculate the greatest common divisor of 56210721 and 74613.
6783
Calculate the highest common divisor of 110 and 6507580.
10
What is the greatest common divisor of 189278 and 25194?
646
What is the greatest common divisor of 18 and 786226?
2
Calculate the greatest common divisor of 797678 and 15436.
454
What is the highest common factor of 483 and 47513515?
161
Calculate the highest common divisor of 467100 and 123540.
60
What is the highest common factor of 114939645 and 1017?
339
Calculate the highest common divisor of 18 and 7719906.
6
Calculate the greatest common factor of 6745348 and 83126.
934
What is the greatest common factor of 7866 and 28122698?
874
Calculate the highest common factor of 424 and 4630688.
8
What is the highest common divisor of 1983834 and 47388?
2154
Calculate the greatest common factor of 148416188 and 68.
68
Calculate the greatest common factor of 5460 and 1850615.
65
What is the greatest common factor of 94326 and 2453582?
158
What is the highest common factor of 22100 and 26259220?
4420
What is the highest common divisor of 18411072 and 7360?
64
Calculate the greatest common factor of 246 and 55557993.
123
What is the highest common factor of 224172059 and 6873?
2291
What is the highest common factor of 32344992 and 1028?
1028
What is the greatest common divisor of 61577 and 37212?
443
What is the greatest common factor of 24585116 and 632?
316
Calculate the highest common factor of 86976 and 5824.
64
Calculate the highest common factor of 221 and 47086.
13
Calculate the highest common divisor of 126850 and 71650.
50
What is the highest common divisor of 4016 and 133921552?
4016
What is the highest common divisor of 2342245 and 38070?
235
Calculate the highest common divisor of 10920 and 34165560.
1560
What is the highest common divisor of 16625 and 22895?
95
Calculate the highest common divisor of 218302 and 950243.
217
What is the greatest common factor of 99847 and 194851?
29
Calculate the highest common factor of 93 and 8856669.
93
What is the highest common factor of 16237509 and 291?
291
Calculate the highest common factor of 296053260 and 60.
60
What is the greatest common factor of 1197 and 63693?
63
Calculate the greatest common divisor of 3025600 and 6944.
992
Calculate the highest common divisor of 6729594 and 243.
3
Calculate the highest common divisor of 76168658 and 142.
142
Calculate the highest common divisor of 19456 and 107808.
32
What is the greatest common factor of 949 and 6375674?
73
Calculate the highest common factor of 7088861 and 8618.
139
What is the highest common divisor of 10724 and 42218856?
1532
Calculate the highest common divisor of 12 and 11566104.
12
Calculate the highest common factor of 2977 and 27222.
13
What is the greatest common factor of 4354907 and 24973?
1921
What is the highest common divisor of 705366 and 9238?
298
Calculate the greatest common factor of 262131309 and 2673.
891
What is the highest common divisor of 437768 and 88?
8
Calculate the highest common divisor of 28 and 254594914.
14
Calculate the highest common factor of 187 and 13727065.
11
Calculate the highest common divisor of 56369366 and 69.
23
Calculate the greatest common divisor of 39237045 and 15.
15
Calculate the greatest common factor of 2340 and 13030875.
585
What is the greatest common factor of 3006 and 635685834?
1002
What is the greatest common divisor of 11440 and 115662040?
520
What is the greatest common divisor of 164 and 79528?
4
Calculate the highest common factor of 440532 and 83484.
108
Calculate the highest common factor of 855291992 and 152.
152
What is the greatest common divisor of 5326866 and 450?
18
What is the highest common factor of 10570 and 333101923?
1057
What is the greatest common factor of 9064 and 25830134?
2266
Calculate the highest common divisor of 928401 and 2385.
159
What is the greatest common divisor of 2801929 and 3270479?
9371
Calculate the highest common factor of 262390496 and 64.
32
Calculate the greatest common divisor of 4203465878 and 3917.
3917
Calculate the highest common divisor of 40 and 1818670.
10
Calculate the greatest common divisor of 2519592 and 120.
24
Calculate the greatest common factor of 44411939 and 374.
187
Calculate the highest common divisor of 63 and 757.
1
What is the highest common divisor of 5570 and 4290014?
1114
Calculate the greatest common divisor of 210848 and 54032.
176
What is the highest common factor of 3794645 and 25?
5
What is the greatest common divisor of 86222233 and 25996?
6499
Calculate the highest common divisor of 62007 and 2827.
11
What is the greatest common factor of 4323 and 24494511?
393
What is the greatest common factor of 588713706 and 238?
238
Calculate the greatest common divisor of 4144 and 24311294.
518
What is the greatest common divisor of 32702 and 9047?
83
What is the highest common divisor of 107367800 and 24?
8
What is the greatest common divisor of 622512 and 462?
66
Calculate the highest common factor of 67 and 373235225.
67
What is the highest common divisor of 1140 and 92922540?
1140
Calculate the greatest common divisor of 167931 and 92214.
423
What is the greatest common factor of 246875 and 827683?
79
What is the highest common factor of 143 and 9661977?
13
What is the greatest common divisor of 368126 and 298886?
1154
What is the highest common factor of 1060401 and 790617?
3747
Calculate the greatest common divisor of 1439106 and 21.
3
What is the highest common factor of 26801469 and 1377?
459
What is the greatest common divisor of 319010 and 22517?
23
What is the highest common factor of 9944 and 65745999?
1243
What is the greatest common divisor of 184675668 and 152?
76
Calculate the highest common divisor of 19548 and 7164.
36
What is the greatest common factor of 159424 and 71656?
424
Calculate the highest common factor of 1098360 and 243063.
1017
What is the highest common divisor of 101041118 and 878?
878
Calculate the highest common factor of 11964 and 14724.
12
What is the highest common divisor of 37548 and 3962?
14
Calculate the greatest common factor of 1010735 and 162173.
253
What is the greatest common divisor of 7659 and 191120133?
2553
What is the greatest common factor of 2426626 and 707?
101
